 remainder when r*((-24)/15 - -1) is divided by 15.
12
Let r = 639 + -85. What is the remainder when r is divided by 17?
10
Suppose 0 = 22*d + 89 - 1343. What is the remainder when 222 is divided by d?
51
Suppose 135*v - 152*v + 850 = 0. What is the remainder when 114 is divided by v?
14
Let q = -140 - 3. Let h = -59 - q. What is the remainder when h is divided by 22?
18
Calculate the remainder when 539 + (-81)/18*-2 is divided by 92.
88
Let c = -6 - -2. Let d = -153 + 151. What is the remainder when 49 is divided by d*(-17)/c*-2?
15
Suppose 2*r = 1 + 5. Suppose 3*s - c - 92 = s, -4*s + 174 = r*c. Calculate the remainder when s is divided by 12.
9
Suppose 0 = 3*b - 4*b + 5. Suppose b*q - 19 = 11. What is the remainder when 1/(67/(-17) - -4) is divided by q?
5
Let y(q) = -q**3 + 16*q**2 + 18*q + 3. Let t be y(17). Let w be t/8*12/(-15). What is the remainder when w*(85/(-2) + -2) is divided by 23?
20
Let t = -22 + 29. Suppose -o = -4, 5*o - 67 = -3*w + 43. Suppose 0 = -2*r + 5*z + w, -10 = 2*r + 2*z - 68. Calculate the remainder when r is divided by t.
4
Suppose 96 = k + 54. What is the remainder when 332 is divided by k?
38
Calculate the remainder when (411/(-9) - -11)/(1/(-3)) is divided by 9.
5
Suppose 3*m - 4*m + 36 = 0. Let y(o) = 2*o**2 - 5*o + 7. Let u be y(7). Let f = -57 + u. What is the remainder when m is divided by f?
10
Let d = 213 - 17. Let q = d + -47. Calculate the remainder when q is divided by 50.
49
Calculate the remainder when (-2572)/(-13) - (-22)/143 is divided by 60.
18
Let k be 496 - (-2 - (-2)/(-4)*-4). Suppose -7*b = -3*b - k. Calculate the remainder when b is divided by 42.
40
Let m = -753 - -815. What is the remainder when 867 is divided by m?
61
Let h = -223 - -253. What is the remainder when h is divided by 13?
4
Let o = 581 + -564. Suppose -3*c = -2*m - 40, -4*c + m = c - 55. Calculate the remainder when o is divided by c.
7
Let x(c) = c + 11. Let v = -8 + 21. Suppose -v + 5 = -o. Calculate the remainder when x(o) is divided by 8.
3
Let k be ((-10)/(-5))/(3/9). Calculate the remainder when (18/(-10))/(k/(-30)) is divided by 2.
1
Let g(l) = -3*l - 17. Let i be g(-8). Suppose -4*n = -i*n + 27. Calculate the remainder when 35 is divided by n.
8
Suppose a = 5*i + 14 - 107, -3*i + 61 = 2*a. Suppose o - t = 11, -2*o - i = -4*o + 3*t. Calculate the remainder when 40 is divided by o.
12
Suppose -4*u = -5*u + 5, -25 = -a - 2*u. What is the remainder when 73 is divided by a?
13
Suppose b = -2*q + 4, -3*q - 5*b + 2 - 3 = 0. Suppose -q*m + 58 = -5*m. Let u = -18 - m. Calculate the remainder when 43 is divided by u.
10
Let s = -255 + 323. What is the remainder when 475 is divided by s?
67
Let d = -16 + 39. Suppose 22*b + 476 = 29*b. Calculate the remainder when b is divided by d.
22
Let m = 436 - 423. What is the remainder when 98 is divided by m?
7
What is the remainder when 36 is divided by -15*(8/(-6) - 22/(-33))?
6
Let g(v) = v**2 + 2*v - 2. Let y = -9 - -11. Let z(a) = 5*a - 14. What is the remainder when z(6) is divided by g(y)?
4
Let w(j) = 3*j**2 + 31*j + 20. Let y = 12 - 19. Let p = y - -29. What is the remainder when w(-11) is divided by p?
20
Let l(u) = 21*u - 242. Calculate the remainder when 770 is divided by l(13).
26
Let n(j) = -2*j**3 + 22*j**2 + 2*j - 1. Calculate the remainder when 163 is divided by n(11).
16
Let p = 38 - 11. Suppose -5*w - 15 = 0, 3 = -3*t - w - 0. Suppose 2*k - 71 + 51 = t. What is the remainder when p is divided by k?
7
Suppose 4 = 15*c - 176. What is the remainder when c is divided by 7?
5
Suppose -14*m + 1 = -279. What is the remainder when 74 is divided by m?
14
Suppose -268 = -19*h - 2. Let w be -5*1 + (2 - 3). What is the remainder when 3/((w/26)/(-3)) is divided by h?
11
Let h = 14 + -11. What is the remainder when 39 is divided by -3 - (-20 + h)/1?
11
Let g(z) = -z + 6. Let a be g(-10). Suppose 27*k = 23*k + a. What is the remainder when 4 is divided by k?
0
Let z(u) be the first derivative of -5 - 15/2*u**2 - 2*u. Calculate the remainder when 51 is divided by z(-1).
12
Let z(h) be the third derivative of -11*h**4/24 - 19*h**3/6 - 7*h**2. What is the remainder when z(-9) is divided by 21?
17
Let t(b) be the second derivative of b**5/20 - 2*b**4/3 - b**3 - 17*b**2/2 + 30*b. What is the remainder when 55 is divided by t(9)?
5
Suppose 0*a = a. Suppose -4*x + 24 = -a*x. Suppose -3*q = 5*d - 77, -3*d + 5*q + 43 = -10. What is the remainder when d is divided by x?
4
Suppose 4*m - 264 = 64. Calculate the remainder when 567 is divided by m.
75
Let h = 50 + -17. Suppose 5*b + 2 = 37. What is the remainder when h is divided by b?
5
Suppose -50 = -5*x + 3*x. Calculate the remainder when -6 - (-6*(1 - 2) - 83) is divided by x.
21
Let d(w) be the first derivative of -3*w**4/4 - 2*w**3/3 - 3*w**2/2 - 2*w + 15. What is the remainder when 6 is divided by d(-1)?
0
Let d(l) = -62*l - 10. Let p(n) = -25*n - 4. Let z(a) = 5*d(a) - 12*p(a). What is the remainder when z(-5) is divided by 17?
14
Suppose 114*p - 88388 + 11324 = 0. What is the remainder when p is divided by 68?
64
Suppose 39 = -r - 2*r. Let f = r - -13. Suppose 5*v - 123 = -x + 158, 2*x + 8 = f. Calculate the remainder when v is divided by 30.
27
What is the remainder when 29 is divided by (-1000)/(-48) - (-7)/42?
8
Let z(n) = 12*n**2 + 26*n + 60. What is the remainder when z(-5) is divided by 88?
54
Suppose -5*m = -m - 5*d - 15, -5*m - 5*d + 75 = 0. Let r = 74 - 68. What is the remainder when m is divided by r?
4
Let r = 59 + -58. Calculate the remainder when 72 is divided by (r - -42 - 2) + -3.
34
Let b(c) = 8*c + 104. Let i(k) be the second derivative of -k**3/2 - 8*k**2 - 3*k. Calculate the remainder when b(-7) is divided by i(-11).
14
What is the remainder when 45 is divided by (-1 - -3 - -3) + (19 - 11)?
6
Let m(u) = 31*u + 3. Suppose -7 = -4*n + 1. Calculate the remainder when m(n) is divided by (-68)/(-3) - (-4)/(-6).
21
Let h(p) = 7*p**3 - 7*p**2 - 2*p + 4. Let w be h(3). Suppose 0 = -3*i + i - w. Let g = 107 + i. Calculate the remainder when g is divided by 12.
9
Let v = -20 + 28. Suppose v*o - 3*o - 11 = -x, -70 = -2*x + 2*o. Calculate the remainder when x is divided by 9.
4
Suppose f - 2 - 8 = 0. Suppose -6*d + 111 = -9*d. Let r = d - -41. What is the remainder when f is divided by r?
2
Let m = -640 + 669. What is the remainder when 83 is divided by m?
25
Let p = -9 + 5. Let u be (-64)/(-28) + p/14. What is the remainder when 61 is divided by (-40)/u*24/(-30)?
13
Let f(g) = g**2 + 33*g - 48. What is the remainder when f(7) is divided by 13?
11
Let p(y) = -6 + 5 - 5 + 12 + 3*y. Calculate the remainder when p(7) is divided by 21*(-2)/(-9)*3.
13
Let o = 116 - 115. Let m be 6/(-21) + 23/7. Let r = m - 0. What is the remainder when r is divided by o?
0
Let p = -307 - -308. Calculate the remainder when 10 is divided by p.
0
Suppose -5*x = -2*s + 54, -2*s + 8*x - 4*x = -52. What is the remainder when 139 is divided by s?
7
Let b(y) = -86*y**3 + y**2 + y. Let i be (2 - 0)*10/4. Let c = i - -17. What is the remainder when b(-1) is divided by c?
20
Suppose -2*y + k + 615 = 0, -4*k + 9*k = -4*y + 1195. What is the remainder when y is divided by 14?
11
Let p(q) = 80*q. Let f be (-2 + 0)*(-2)/4. Let i = 902 + -875. Calculate the remainder when p(f) is divided by i.
26
Let c(l) = 2*l**2 + 18*l + 3. Suppose 11*n = 8*n - 27. Suppose -3*d = 4*q - 41, 2*d + d + 5*q = 43. Calculate the remainder when d is divided by c(n).
2
Let r = -25 - -75. Suppose -d + 3 = -4*p, p + r - 8 = 3*d. Let l = d + 2. Calculate the remainder when l is divided by 6.
5
Suppose -4*f + 9 + 3 = 0. Suppose 0 = 4*d + f*d - 231. Suppose 4*n = -3*i + 48, -i = 3*n + 5 - 36. Calculate the remainder when d is divided by n.
6
Suppose 0 = -4*x + 35 - 15. Suppose 2*p - 4*z - 16 = 12, -2*p - x*z + 1 = 0. Calculate the remainder when p is divided by 2.
0
Suppose -51*v = 8750 - 25121. What is the remainder when v is divided by 103?
12
Suppose 0 = -3*i - f + 869, 4*i - 1446 = -i - 4*f. What is the remainder when i is divided by 74?
68
Let x = -7 + 9. Let i be x/(-4)*(-11 + -1). Let a = i - -40. What is the remainder when a is divided by 24?
22
Suppose v + 3 = -4*s + 14, -3*v + 7 = -s. Let g(w) = w - 7. Let b be g(7). Suppose b = -7*a + 27 + 22. Calculate the remainder when a is divi